{"id":3,"date":"2020-11-30T16:36:05","date_gmt":"2020-11-30T16:36:05","guid":{"rendered":"https:\/\/box2275\/cgi\/addon_GT.cgi?s=GT::WP::Install::EIG+%28lydiamae%29+-+10.24.48.80+%5BWordPress%3b+\/var\/hp\/common\/lib\/WordPress.pm%3b+294%3b+Hosting::gap_call%5D\/?page_id=3"},"modified":"2022-03-10T14:43:26","modified_gmt":"2022-03-10T14:43:26","slug":"privacy-policy","status":"publish","type":"page","link":"https:\/\/lydiamaethger.com\/english\/privacy-policy\/","title":{"rendered":"Lydia M\u00e4thger"},"content":{"rendered":"<div data-elementor-type=\"wp-page\" data-elementor-id=\"3\" class=\"elementor elementor-3\">\n\t\t\t\t\t\t<section class=\"elementor-section elementor-top-section elementor-element elementor-element-4084129 elementor-section-boxed elementor-section-height-default elementor-section-height-default\" data-id=\"4084129\" data-element_type=\"section\">\n\t\t\t\t\t\t<div class=\"elementor-container elementor-column-gap-default\">\n\t\t\t\t\t<div class=\"elementor-column elementor-col-100 elementor-top-column elementor-element elementor-element-dc45915\" data-id=\"dc45915\" data-element_type=\"column\">\n\t\t\t<div class=\"elementor-widget-wrap elementor-element-populated\">\n\t\t\t\t\t\t<div class=\"elementor-element elementor-element-83e0703 elementor-widget elementor-widget-spacer\" data-id=\"83e0703\" data-element_type=\"widget\" data-widget_type=\"spacer.default\">\n\t\t\t\t<div class=\"elementor-widget-container\">\n\t\t\t\t\t\t\t<div class=\"elementor-spacer\">\n\t\t\t<div class=\"elementor-spacer-inner\"><\/div>\n\t\t<\/div>\n\t\t\t\t\t\t<\/div>\n\t\t\t\t<\/div>\n\t\t\t\t\t<\/div>\n\t\t<\/div>\n\t\t\t\t\t<\/div>\n\t\t<\/section>\n\t\t\t\t<section class=\"elementor-section elementor-top-section elementor-element elementor-element-648ef4f elementor-section-full_width elementor-section-height-default elementor-section-height-default\" data-id=\"648ef4f\" data-element_type=\"section\">\n\t\t\t\t\t\t<div class=\"elementor-container elementor-column-gap-default\">\n\t\t\t\t\t<div class=\"elementor-column elementor-col-100 elementor-top-column elementor-element elementor-element-b7af8ad\" data-id=\"b7af8ad\" data-element_type=\"column\">\n\t\t\t<div class=\"elementor-widget-wrap elementor-element-populated\">\n\t\t\t\t\t\t<div class=\"elementor-element elementor-element-66148d6 elementor-widget elementor-widget-text-editor\" data-id=\"66148d6\" data-element_type=\"widget\" data-widget_type=\"text-editor.default\">\n\t\t\t\t<div class=\"elementor-widget-container\">\n\t\t\t\t\t\t\t\t\t<p style=\"text-align: center;\"><strong>Datenschutzerkl\u00e4rung und Impressum<\/strong><\/p>\t\t\t\t\t\t\t\t<\/div>\n\t\t\t\t<\/div>\n\t\t\t\t\t<\/div>\n\t\t<\/div>\n\t\t\t\t\t<\/div>\n\t\t<\/section>\n\t\t\t\t<section class=\"elementor-section elementor-top-section elementor-element elementor-element-cdddc1a elementor-section-boxed elementor-section-height-default elementor-section-height-default\" data-id=\"cdddc1a\" data-element_type=\"section\">\n\t\t\t\t\t\t<div class=\"elementor-container elementor-column-gap-default\">\n\t\t\t\t\t<div class=\"elementor-column elementor-col-100 elementor-top-column elementor-element elementor-element-6b8721c\" data-id=\"6b8721c\" data-element_type=\"column\">\n\t\t\t<div class=\"elementor-widget-wrap elementor-element-populated\">\n\t\t\t\t\t\t<div class=\"elementor-element elementor-element-3ee3c55 elementor-widget elementor-widget-spacer\" data-id=\"3ee3c55\" data-element_type=\"widget\" data-widget_type=\"spacer.default\">\n\t\t\t\t<div class=\"elementor-widget-container\">\n\t\t\t\t\t\t\t<div class=\"elementor-spacer\">\n\t\t\t<div class=\"elementor-spacer-inner\"><\/div>\n\t\t<\/div>\n\t\t\t\t\t\t<\/div>\n\t\t\t\t<\/div>\n\t\t\t\t\t<\/div>\n\t\t<\/div>\n\t\t\t\t\t<\/div>\n\t\t<\/section>\n\t\t\t\t<section class=\"elementor-section elementor-top-section elementor-element elementor-element-6557db5 elementor-section-boxed elementor-section-height-default elementor-section-height-default\" data-id=\"6557db5\" data-element_type=\"section\">\n\t\t\t\t\t\t<div class=\"elementor-container elementor-column-gap-default\">\n\t\t\t\t\t<div class=\"elementor-column elementor-col-100 elementor-top-column elementor-element elementor-element-fc56f89\" data-id=\"fc56f89\" data-element_type=\"column\">\n\t\t\t<div class=\"elementor-widget-wrap elementor-element-populated\">\n\t\t\t\t\t\t<div class=\"elementor-element elementor-element-4a71668 elementor-widget elementor-widget-text-editor\" data-id=\"4a71668\" data-element_type=\"widget\" data-widget_type=\"text-editor.default\">\n\t\t\t\t<div class=\"elementor-widget-container\">\n\t\t\t\t\t\t\t\t\t<p><span style=\"color: #000000;\">(For English version of Privacy Policy and Terms and Conditions, please scroll down)<\/span><\/p>\t\t\t\t\t\t\t\t<\/div>\n\t\t\t\t<\/div>\n\t\t\t\t\t<\/div>\n\t\t<\/div>\n\t\t\t\t\t<\/div>\n\t\t<\/section>\n\t\t\t\t<section class=\"elementor-section elementor-top-section elementor-element elementor-element-a02ab7b elementor-section-boxed elementor-section-height-default elementor-section-height-default\" data-id=\"a02ab7b\" data-element_type=\"section\">\n\t\t\t\t\t\t<div class=\"elementor-container elementor-column-gap-default\">\n\t\t\t\t\t<div class=\"elementor-column elementor-col-100 elementor-top-column elementor-element elementor-element-1716300\" data-id=\"1716300\" data-element_type=\"column\">\n\t\t\t<div class=\"elementor-widget-wrap elementor-element-populated\">\n\t\t\t\t\t\t<div class=\"elementor-element elementor-element-46f3a5e elementor-widget elementor-widget-text-editor\" data-id=\"46f3a5e\" data-element_type=\"widget\" data-widget_type=\"text-editor.default\">\n\t\t\t\t<div class=\"elementor-widget-container\">\n\t\t\t\t\t\t\t\t\t<p><span style=\"color: #000000;\">Datenschutz<\/span><\/p>\t\t\t\t\t\t\t\t<\/div>\n\t\t\t\t<\/div>\n\t\t\t\t\t<\/div>\n\t\t<\/div>\n\t\t\t\t\t<\/div>\n\t\t<\/section>\n\t\t\t\t<section class=\"elementor-section elementor-top-section elementor-element elementor-element-f6edf8a elementor-section-boxed elementor-section-height-default elementor-section-height-default\" data-id=\"f6edf8a\" data-element_type=\"section\">\n\t\t\t\t\t\t<div class=\"elementor-container elementor-column-gap-default\">\n\t\t\t\t\t<div class=\"elementor-column elementor-col-100 elementor-top-column elementor-element elementor-element-29e54b6\" data-id=\"29e54b6\" data-element_type=\"column\">\n\t\t\t<div class=\"elementor-widget-wrap elementor-element-populated\">\n\t\t\t\t\t\t<div class=\"elementor-element elementor-element-392873c elementor-widget elementor-widget-text-editor\" data-id=\"392873c\" data-element_type=\"widget\" data-widget_type=\"text-editor.default\">\n\t\t\t\t<div class=\"elementor-widget-container\">\n\t\t\t\t\t\t\t\t\t<p><span style=\"color: #000000;\">Hier finden Sie Details \u00fcber die Verarbeitung personenbezogener Daten auf meiner Website. Alle gesetzlichen Vorgaben werden beachtet, damit der Schutz Ihrer Privatssph\u00e4re gew\u00e4hrleistet ist.<\/span><\/p><p>\u00a0<\/p><p><span style=\"color: #000000;\"><strong>Daten und Zweck der Verarbeitung: <\/strong>Ich erhebe und verarbeite keine personenbezogenen Daten \u00fcber Sie und leite keine Daten an Dritte. Sollten Sie mich \u00fcber meine Website kontaktieren, werden Ihre Daten zur Beantwortung von Kontaktanfragen, des zuk\u00fcnftigen Buchangebotes, Verbesserung meines Angebotes und f\u00fcr Werbung- und Marketing-Zwecke verarbeitet (<strong>Rechtsgrundlagen:<\/strong> Ihre Einwilligung, Art. 6 Abs. 1 lit. (a) DSGVO; Erf\u00fcllung gesetzlicher Pflichten, Art. 6 Abs. 1 lit. (b) DSGVO; berechtigte Interessen, Art. 6 Abs. 1 lit. (f) DSGVO. Es werden keine Cookies auf meiner Website eingesetzt.\u00a0<\/span><\/p><p>\u00a0<\/p><p><span style=\"color: #000000;\"><strong>Verarbeitete Daten: <\/strong>Bestandsdaten (Namen, Adressen), Kontaktdaten (E-Mail, Telefonnummern), Inhaltsdaten (Texteingaben, usw.).<\/span><\/p><p>\u00a0<\/p><p><span style=\"color: #000000;\"><strong>Speicherdauer: <\/strong>Ich speichere Ihre Daten nur solange, bis sie f\u00fcr ihre Zweckbestimmung nicht mehr erforderlich sind und der L\u00f6schung keine gesetzlich vorgesehen Aufbewahrungsbestimmungen entgegenstehen, oder bis Sie Ihre Einwilligung widerrufen.<\/span><\/p><p>\u00a0<\/p><p><span style=\"color: #000000;\"><strong>Ihre Rechte: <\/strong>Sie haben das Recht, Auskunft \u00fcber die Verarbeitung Ihrer Daten zu verlangen, Ihre Daten zu korrigieren, einzuschr\u00e4nken, zu l\u00f6schen oder sperren zu lassen, sowie der Verarbeitung Ihrer Daten zu widersprechen.<\/span><\/p><p>\u00a0<\/p><p><span style=\"color: #000000;\"><strong>Bereitstellungverpflichtung von Daten: <\/strong>Die Bereitstellung von Daten is nicht verpflichtend, wenn dies bei der Erhebung nicht ausdr\u00fccklich angegeben ist.<\/span><\/p><p>\u00a0<\/p><p><span style=\"color: #000000;\">Diese Datenschutzerkl\u00e4rung kann jederzeit mit Wirkung f\u00fcr die Zukunft ge\u00e4ndert werden.\u00a0<\/span><\/p><p>\u00a0<\/p><p><span style=\"color: #000000;\"><strong><u>Stand:<\/u><\/strong> 4. Oktober 2021<\/span><\/p>\t\t\t\t\t\t\t\t<\/div>\n\t\t\t\t<\/div>\n\t\t\t\t\t<\/div>\n\t\t<\/div>\n\t\t\t\t\t<\/div>\n\t\t<\/section>\n\t\t\t\t<section class=\"elementor-section elementor-top-section elementor-element elementor-element-286db38 elementor-section-boxed elementor-section-height-default elementor-section-height-default\" data-id=\"286db38\" data-element_type=\"section\">\n\t\t\t\t\t\t<div class=\"elementor-container elementor-column-gap-default\">\n\t\t\t\t\t<div class=\"elementor-column elementor-col-100 elementor-top-column elementor-element elementor-element-911ab92\" data-id=\"911ab92\" data-element_type=\"column\">\n\t\t\t<div class=\"elementor-widget-wrap elementor-element-populated\">\n\t\t\t\t\t\t<div class=\"elementor-element elementor-element-f00bd50 elementor-widget elementor-widget-spacer\" data-id=\"f00bd50\" data-element_type=\"widget\" data-widget_type=\"spacer.default\">\n\t\t\t\t<div class=\"elementor-widget-container\">\n\t\t\t\t\t\t\t<div class=\"elementor-spacer\">\n\t\t\t<div class=\"elementor-spacer-inner\"><\/div>\n\t\t<\/div>\n\t\t\t\t\t\t<\/div>\n\t\t\t\t<\/div>\n\t\t\t\t\t<\/div>\n\t\t<\/div>\n\t\t\t\t\t<\/div>\n\t\t<\/section>\n\t\t\t\t<section class=\"elementor-section elementor-top-section elementor-element elementor-element-3e3f2ee elementor-section-boxed elementor-section-height-default elementor-section-height-default\" data-id=\"3e3f2ee\" data-element_type=\"section\">\n\t\t\t\t\t\t<div class=\"elementor-container elementor-column-gap-default\">\n\t\t\t\t\t<div class=\"elementor-column elementor-col-100 elementor-top-column elementor-element elementor-element-4fc5bc8\" data-id=\"4fc5bc8\" data-element_type=\"column\">\n\t\t\t<div class=\"elementor-widget-wrap elementor-element-populated\">\n\t\t\t\t\t\t<div class=\"elementor-element elementor-element-64b711b elementor-widget elementor-widget-text-editor\" data-id=\"64b711b\" data-element_type=\"widget\" data-widget_type=\"text-editor.default\">\n\t\t\t\t<div class=\"elementor-widget-container\">\n\t\t\t\t\t\t\t\t\t<p><span style=\"color: #000000;\">Impressum<\/span><\/p>\t\t\t\t\t\t\t\t<\/div>\n\t\t\t\t<\/div>\n\t\t\t\t\t<\/div>\n\t\t<\/div>\n\t\t\t\t\t<\/div>\n\t\t<\/section>\n\t\t\t\t<section class=\"elementor-section elementor-top-section elementor-element elementor-element-e3d6923 elementor-section-boxed elementor-section-height-default elementor-section-height-default\" data-id=\"e3d6923\" data-element_type=\"section\">\n\t\t\t\t\t\t<div class=\"elementor-container elementor-column-gap-default\">\n\t\t\t\t\t<div class=\"elementor-column elementor-col-100 elementor-top-column elementor-element elementor-element-4d9df95\" data-id=\"4d9df95\" data-element_type=\"column\">\n\t\t\t<div class=\"elementor-widget-wrap elementor-element-populated\">\n\t\t\t\t\t\t<div class=\"elementor-element elementor-element-19cc896 elementor-widget elementor-widget-text-editor\" data-id=\"19cc896\" data-element_type=\"widget\" data-widget_type=\"text-editor.default\">\n\t\t\t\t<div class=\"elementor-widget-container\">\n\t\t\t\t\t\t\t\t\t<p><span style=\"color: #000000;\"><strong>Angaben gem\u00e4\u00df \u00a7 5 TMG:<\/strong> <\/span><\/p><p>Books on Demand GmbH<br \/>In de Tarpen 42<br \/>22848 Norderstedt<\/p><p>\u00a0<\/p><p><span style=\"color: #000000;\"><strong>Verantwortlich f\u00fcr den Inhalt nach \u00a7 55 Abs. 2 RStV:<\/strong> <\/span><\/p><p><a href=\"https:\/\/lydiamaethger.com\/english\/kontakt\/\"><span style=\"color: #000000;\">Lydia M\u00e4thger<\/span><\/a><\/p><p><span style=\"color: #000000;\"><strong>\u00a0<\/strong><\/span><\/p><p><span style=\"color: #000000;\"><strong>Haftung f\u00fcr Inhalte und Links<\/strong>: Ich \u00fcbernehme keine Haftung f\u00fcr die Inhalte externer Links und bin auch nicht dazu verpflichtet, fremde Informationen zu \u00fcberwachen und auf rechtswidrige T\u00e4tigkeit hin zu pr\u00fcfen. Sollten mir dennoch Rechtsverletzungen bekannt werden, entferne ich diese Inhalte unverz\u00fcglich.<\/span><\/p><p><span style=\"color: #000000;\"><strong>\u00a0<\/strong><\/span><\/p><p><span style=\"color: #000000;\"><strong>Urheberrecht<\/strong>: Die in dieser Website erstellten Inhalte unterliegen dem deutschen Urheberrecht. Copyright liegt einzig und allein bei Lydia M\u00e4thger. Die Vervielf\u00e4ltigung, Bearbeitung, Verbreitung und jede Art der Verwertung au\u00dferhalb der Grenzen des Urheberrechtes sind ohne meine schriftliche Zustimmung nicht erlaubt. Downloads und Kopien dieser Seiten sind nur f\u00fcr den privaten, nicht kommerziellen Gebrauch gestattet.<\/span><\/p>\t\t\t\t\t\t\t\t<\/div>\n\t\t\t\t<\/div>\n\t\t\t\t\t<\/div>\n\t\t<\/div>\n\t\t\t\t\t<\/div>\n\t\t<\/section>\n\t\t\t\t<section class=\"elementor-section elementor-top-section elementor-element elementor-element-96d5316 elementor-section-boxed elementor-section-height-default elementor-section-height-default\" data-id=\"96d5316\" data-element_type=\"section\">\n\t\t\t\t\t\t<div class=\"elementor-container elementor-column-gap-default\">\n\t\t\t\t\t<div class=\"elementor-column elementor-col-100 elementor-top-column elementor-element elementor-element-23142ef\" data-id=\"23142ef\" data-element_type=\"column\">\n\t\t\t<div class=\"elementor-widget-wrap elementor-element-populated\">\n\t\t\t\t\t\t<div class=\"elementor-element elementor-element-de98083 elementor-widget elementor-widget-spacer\" data-id=\"de98083\" data-element_type=\"widget\" data-widget_type=\"spacer.default\">\n\t\t\t\t<div class=\"elementor-widget-container\">\n\t\t\t\t\t\t\t<div class=\"elementor-spacer\">\n\t\t\t<div class=\"elementor-spacer-inner\"><\/div>\n\t\t<\/div>\n\t\t\t\t\t\t<\/div>\n\t\t\t\t<\/div>\n\t\t\t\t\t<\/div>\n\t\t<\/div>\n\t\t\t\t\t<\/div>\n\t\t<\/section>\n\t\t\t\t<section class=\"elementor-section elementor-top-section elementor-element elementor-element-c1947ce elementor-section-boxed elementor-section-height-default elementor-section-height-default\" data-id=\"c1947ce\" data-element_type=\"section\">\n\t\t\t\t\t\t<div class=\"elementor-container elementor-column-gap-default\">\n\t\t\t\t\t<div class=\"elementor-column elementor-col-100 elementor-top-column elementor-element elementor-element-42461f4\" data-id=\"42461f4\" data-element_type=\"column\">\n\t\t\t<div class=\"elementor-widget-wrap elementor-element-populated\">\n\t\t\t\t\t\t<div class=\"elementor-element elementor-element-780564f elementor-widget elementor-widget-text-editor\" data-id=\"780564f\" data-element_type=\"widget\" data-widget_type=\"text-editor.default\">\n\t\t\t\t<div class=\"elementor-widget-container\">\n\t\t\t\t\t\t\t\t\t<p><strong><span style=\"color: #000000;\">Privacy Policy\/Terms and Conditions<\/span><\/strong><\/p>\t\t\t\t\t\t\t\t<\/div>\n\t\t\t\t<\/div>\n\t\t\t\t\t<\/div>\n\t\t<\/div>\n\t\t\t\t\t<\/div>\n\t\t<\/section>\n\t\t\t\t<section class=\"elementor-section elementor-top-section elementor-element elementor-element-9464302 elementor-section-boxed elementor-section-height-default elementor-section-height-default\" data-id=\"9464302\" data-element_type=\"section\">\n\t\t\t\t\t\t<div class=\"elementor-container elementor-column-gap-default\">\n\t\t\t\t\t<div class=\"elementor-column elementor-col-100 elementor-top-column elementor-element elementor-element-8aa57ab\" data-id=\"8aa57ab\" data-element_type=\"column\">\n\t\t\t<div class=\"elementor-widget-wrap elementor-element-populated\">\n\t\t\t\t\t\t<div class=\"elementor-element elementor-element-9c57330 elementor-widget elementor-widget-text-editor\" data-id=\"9c57330\" data-element_type=\"widget\" data-widget_type=\"text-editor.default\">\n\t\t\t\t<div class=\"elementor-widget-container\">\n\t\t\t\t\t\t\t\t\t<p><span style=\"color: #000000;\">As outlined above (in German), I comply with the rules and regulations set forth for authors working in Germany.<\/span><\/p><p>\u00a0<\/p><p><span style=\"color: #000000;\">Briefly, in English, I will outline my policies regarding the collection, use and disclosure of Personal Information I receive from users of the Site. I use your Personal Information only to answer questions and improving my website (for marketing purposes). By using my website, you agree to the collection and use of information in accordance with this policy.<\/span><\/p><p>\u00a0<\/p><p><span style=\"color: #000000;\"><strong>Terms and Conditions: <\/strong>If you continue to browse and use my website, you are agreeing to comply with and be bound by the following terms and conditions. If you disagree with any part of these terms and conditions, please do not continue using my website.<\/span><\/p><p>\u00a0<\/p><p><span style=\"color: #000000;\">My website contains material that is owned by me. This material includes, but is not limited to, images, design, graphics and text. Reproduction is prohibited other than in accordance with the copyright notice. Exclusive written permission must be sought from me to reproduce any material on this website. Upon granting permission, reproduction is only allowed for personal use. Commercial use is prohibited.<\/span><\/p><p>\u00a0<\/p><p><span style=\"color: #000000;\">I am not liable for accuracy, suitability or completeness of the information found on my website. My website may contain links to other websites. I have no responsibility for the content of these sites.<\/span><\/p><p>\u00a0<\/p><p><span style=\"color: #000000;\"><strong>Data collection: <\/strong>I do not collect or distribute personal information about you beyond answering emails that were sent to me through the contact form found on my site. Such information may include, but is not limited to your name, email address, phone number, etc. As soon as your personal information is no longer needed, it will be deleted.<\/span><\/p><p>\u00a0<\/p><p><span style=\"color: #000000;\">No cookies are used on this website.<\/span><\/p>\t\t\t\t\t\t\t\t<\/div>\n\t\t\t\t<\/div>\n\t\t\t\t\t<\/div>\n\t\t<\/div>\n\t\t\t\t\t<\/div>\n\t\t<\/section>\n\t\t\t\t<\/div>","protected":false},"excerpt":{"rendered":"<p>Datenschutzerkl\u00e4rung und Impressum (For English version of Privacy Policy and Terms and Conditions, please scroll down) Datenschutz Hier finden Sie Details \u00fcber die Verarbeitung personenbezogener Daten auf meiner Website. Alle gesetzlichen Vorgaben werden beachtet, damit der Schutz Ihrer Privatssph\u00e4re gew\u00e4hrleistet ist. \u00a0 Daten und Zweck der Verarbeitung: Ich erhebe und verarbeite keine personenbezogenen Daten \u00fcber &hellip;<\/p>\n<p class=\"read-more\"> <a class=\"\" href=\"https:\/\/lydiamaethger.com\/english\/privacy-policy\/\"> <span class=\"screen-reader-text\">Lydia M\u00e4thger<\/span> Read More &raquo;<\/a><\/p>","protected":false},"author":1,"featured_media":0,"parent":0,"menu_order":0,"comment_status":"closed","ping_status":"open","template":"elementor_header_footer","meta":{"footnotes":""},"class_list":["post-3","page","type-page","status-publish","hentry"],"yoast_head":"<!-- This site is optimized with the Yoast SEO plugin v26.9 - https:\/\/yoast.com\/product\/yoast-seo-wordpress\/ -->\n<title>Lydia M\u00e4thger - Lydia M\u00e4thger<\/title>\n<meta name=\"description\" content=\"Willkommen bei Scholle und Timm - Unterwegs mit Janko!\" \/>\n<meta name=\"robots\" content=\"index, follow, max-snippet:-1, max-image-preview:large, max-video-preview:-1\" \/>\n<link rel=\"canonical\" href=\"https:\/\/lydiamaethger.com\/english\/privacy-policy\/\" \/>\n<meta property=\"og:locale\" content=\"en_US\" \/>\n<meta property=\"og:type\" content=\"article\" \/>\n<meta property=\"og:title\" content=\"Lydia M\u00e4thger - Lydia M\u00e4thger\" \/>\n<meta property=\"og:description\" content=\"Willkommen bei Scholle und Timm - Unterwegs mit Janko!\" \/>\n<meta property=\"og:url\" content=\"https:\/\/lydiamaethger.com\/english\/privacy-policy\/\" \/>\n<meta property=\"og:site_name\" content=\"Lydia M\u00e4thger\" \/>\n<meta property=\"article:modified_time\" content=\"2022-03-10T14:43:26+00:00\" \/>\n<meta name=\"twitter:card\" content=\"summary_large_image\" \/>\n<meta name=\"twitter:label1\" content=\"Est. reading time\" \/>\n\t<meta name=\"twitter:data1\" content=\"3 minutes\" \/>\n<script type=\"application\/ld+json\" class=\"yoast-schema-graph\">{\"@context\":\"https:\/\/schema.org\",\"@graph\":[{\"@type\":\"WebPage\",\"@id\":\"https:\/\/lydiamaethger.com\/privacy-policy\/\",\"url\":\"https:\/\/lydiamaethger.com\/privacy-policy\/\",\"name\":\"Lydia M\u00e4thger - Lydia M\u00e4thger\",\"isPartOf\":{\"@id\":\"https:\/\/lydiamaethger.com\/#website\"},\"datePublished\":\"2020-11-30T16:36:05+00:00\",\"dateModified\":\"2022-03-10T14:43:26+00:00\",\"description\":\"Willkommen bei Scholle und Timm - Unterwegs mit Janko!\",\"breadcrumb\":{\"@id\":\"https:\/\/lydiamaethger.com\/privacy-policy\/#breadcrumb\"},\"inLanguage\":\"en-US\",\"potentialAction\":[{\"@type\":\"ReadAction\",\"target\":[\"https:\/\/lydiamaethger.com\/privacy-policy\/\"]}]},{\"@type\":\"BreadcrumbList\",\"@id\":\"https:\/\/lydiamaethger.com\/privacy-policy\/#breadcrumb\",\"itemListElement\":[{\"@type\":\"ListItem\",\"position\":1,\"name\":\"Home\",\"item\":\"https:\/\/lydiamaethger.com\/\"},{\"@type\":\"ListItem\",\"position\":2,\"name\":\"Lydia M\u00e4thger\"}]},{\"@type\":\"WebSite\",\"@id\":\"https:\/\/lydiamaethger.com\/#website\",\"url\":\"https:\/\/lydiamaethger.com\/\",\"name\":\"Lydia M\u00e4thger\",\"description\":\"Biologin, Kinderbuchautorin &amp; Illustratorin\",\"publisher\":{\"@id\":\"https:\/\/lydiamaethger.com\/#\/schema\/person\/a671186f8f66719a5c439d2406297d80\"},\"potentialAction\":[{\"@type\":\"SearchAction\",\"target\":{\"@type\":\"EntryPoint\",\"urlTemplate\":\"https:\/\/lydiamaethger.com\/?s={search_term_string}\"},\"query-input\":{\"@type\":\"PropertyValueSpecification\",\"valueRequired\":true,\"valueName\":\"search_term_string\"}}],\"inLanguage\":\"en-US\"},{\"@type\":[\"Person\",\"Organization\"],\"@id\":\"https:\/\/lydiamaethger.com\/#\/schema\/person\/a671186f8f66719a5c439d2406297d80\",\"name\":\"lmathger\",\"image\":{\"@type\":\"ImageObject\",\"inLanguage\":\"en-US\",\"@id\":\"https:\/\/lydiamaethger.com\/#\/schema\/person\/image\/\",\"url\":\"https:\/\/secure.gravatar.com\/avatar\/4c4f6b3c91b58e769a1439c2fdbb3e006165d525627867155fef8319a2309017?s=96&d=mm&r=g\",\"contentUrl\":\"https:\/\/secure.gravatar.com\/avatar\/4c4f6b3c91b58e769a1439c2fdbb3e006165d525627867155fef8319a2309017?s=96&d=mm&r=g\",\"caption\":\"lmathger\"},\"logo\":{\"@id\":\"https:\/\/lydiamaethger.com\/#\/schema\/person\/image\/\"}}]}<\/script>\n<!-- \/ Yoast SEO plugin. -->","yoast_head_json":{"title":"Lydia M\u00e4thger - Lydia M\u00e4thger","description":"Willkommen bei Scholle und Timm - Unterwegs mit Janko!","robots":{"index":"index","follow":"follow","max-snippet":"max-snippet:-1","max-image-preview":"max-image-preview:large","max-video-preview":"max-video-preview:-1"},"canonical":"https:\/\/lydiamaethger.com\/english\/privacy-policy\/","og_locale":"en_US","og_type":"article","og_title":"Lydia M\u00e4thger - Lydia M\u00e4thger","og_description":"Willkommen bei Scholle und Timm - Unterwegs mit Janko!","og_url":"https:\/\/lydiamaethger.com\/english\/privacy-policy\/","og_site_name":"Lydia M\u00e4thger","article_modified_time":"2022-03-10T14:43:26+00:00","twitter_card":"summary_large_image","twitter_misc":{"Est. reading time":"3 minutes"},"schema":{"@context":"https:\/\/schema.org","@graph":[{"@type":"WebPage","@id":"https:\/\/lydiamaethger.com\/privacy-policy\/","url":"https:\/\/lydiamaethger.com\/privacy-policy\/","name":"Lydia M\u00e4thger - Lydia M\u00e4thger","isPartOf":{"@id":"https:\/\/lydiamaethger.com\/#website"},"datePublished":"2020-11-30T16:36:05+00:00","dateModified":"2022-03-10T14:43:26+00:00","description":"Willkommen bei Scholle und Timm - Unterwegs mit Janko!","breadcrumb":{"@id":"https:\/\/lydiamaethger.com\/privacy-policy\/#breadcrumb"},"inLanguage":"en-US","potentialAction":[{"@type":"ReadAction","target":["https:\/\/lydiamaethger.com\/privacy-policy\/"]}]},{"@type":"BreadcrumbList","@id":"https:\/\/lydiamaethger.com\/privacy-policy\/#breadcrumb","itemListElement":[{"@type":"ListItem","position":1,"name":"Home","item":"https:\/\/lydiamaethger.com\/"},{"@type":"ListItem","position":2,"name":"Lydia M\u00e4thger"}]},{"@type":"WebSite","@id":"https:\/\/lydiamaethger.com\/#website","url":"https:\/\/lydiamaethger.com\/","name":"Lydia M\u00e4thger","description":"Biologin, Kinderbuchautorin &amp; Illustratorin","publisher":{"@id":"https:\/\/lydiamaethger.com\/#\/schema\/person\/a671186f8f66719a5c439d2406297d80"},"potentialAction":[{"@type":"SearchAction","target":{"@type":"EntryPoint","urlTemplate":"https:\/\/lydiamaethger.com\/?s={search_term_string}"},"query-input":{"@type":"PropertyValueSpecification","valueRequired":true,"valueName":"search_term_string"}}],"inLanguage":"en-US"},{"@type":["Person","Organization"],"@id":"https:\/\/lydiamaethger.com\/#\/schema\/person\/a671186f8f66719a5c439d2406297d80","name":"lmathger","image":{"@type":"ImageObject","inLanguage":"en-US","@id":"https:\/\/lydiamaethger.com\/#\/schema\/person\/image\/","url":"https:\/\/secure.gravatar.com\/avatar\/4c4f6b3c91b58e769a1439c2fdbb3e006165d525627867155fef8319a2309017?s=96&d=mm&r=g","contentUrl":"https:\/\/secure.gravatar.com\/avatar\/4c4f6b3c91b58e769a1439c2fdbb3e006165d525627867155fef8319a2309017?s=96&d=mm&r=g","caption":"lmathger"},"logo":{"@id":"https:\/\/lydiamaethger.com\/#\/schema\/person\/image\/"}}]}},"_links":{"self":[{"href":"https:\/\/lydiamaethger.com\/english\/wp-json\/wp\/v2\/pages\/3","targetHints":{"allow":["GET"]}}],"collection":[{"href":"https:\/\/lydiamaethger.com\/english\/wp-json\/wp\/v2\/pages"}],"about":[{"href":"https:\/\/lydiamaethger.com\/english\/wp-json\/wp\/v2\/types\/page"}],"author":[{"embeddable":true,"href":"https:\/\/lydiamaethger.com\/english\/wp-json\/wp\/v2\/users\/1"}],"replies":[{"embeddable":true,"href":"https:\/\/lydiamaethger.com\/english\/wp-json\/wp\/v2\/comments?post=3"}],"version-history":[{"count":5,"href":"https:\/\/lydiamaethger.com\/english\/wp-json\/wp\/v2\/pages\/3\/revisions"}],"predecessor-version":[{"id":1107,"href":"https:\/\/lydiamaethger.com\/english\/wp-json\/wp\/v2\/pages\/3\/revisions\/1107"}],"wp:attachment":[{"href":"https:\/\/lydiamaethger.com\/english\/wp-json\/wp\/v2\/media?parent=3"}],"curies":[{"name":"wp","href":"https:\/\/api.w.org\/{rel}","templated":true}]}}